{"id":392,"date":"2022-03-14T16:52:24","date_gmt":"2022-03-14T19:52:24","guid":{"rendered":"http:\/\/saudenacapital.com.br\/loja\/?post_type=product&#038;p=392"},"modified":"2022-03-14T16:52:25","modified_gmt":"2022-03-14T19:52:25","slug":"escada-auxiliar-para-posicionamento-na-cama","status":"publish","type":"product","link":"https:\/\/saudenacapital.com.br\/loja\/produto\/escada-auxiliar-para-posicionamento-na-cama\/","title":{"rendered":"Escada Auxiliar para Posicionamento na Cama"},"content":{"rendered":"<p>Desenvolvida com material resistente e dur\u00e1vel, a Escada Auxiliar para Posicionamento na Cama Longevitech\u00ae, permite que as pessoas subam gradualmente para a posi\u00e7\u00e3o sentada sem a ajuda de terceiros, sendo ideal para usu\u00e1rios que se recuperam de cirurgias, portadores fraqueza nos membros inferiores, amplitude limitada de movimentos, gestantes e parapl\u00e9gicos.<\/p>\n<p>De f\u00e1cil instala\u00e7\u00e3o, sem a necessidade de ferramentas, pode ser anexada em qualquer cama que possua p\u00e9s ou estrado e com tamanho ajust\u00e1vel.<\/p>\n<p>Dotada de 3 al\u00e7as com empunhadura ergon\u00f4mica, ajuste a escada de forma que a primeira al\u00e7a alcance a cintura do usu\u00e1rio, permitindo uma subida com menos esfor\u00e7o, usando a primeira al\u00e7a como apoio para o movimento de subida. Para o movimento de descida, use a \u00faltima al\u00e7a de apoio, fazendo o movimento inverso de forma gradual.<\/p>\n<p><iframe id=\"268435125\" title=\"Escada auxiliar\" src=\"https:\/\/www.youtube.com\/embed\/sZRYrIyl0KI?feature=oembed&amp;enablejsapi=1&amp;origin=https:\/\/longevitech.com.br\" width=\"1020\" height=\"574\" frameborder=\"0\" allowfullscreen=\"allowfullscreen\" data-gtm-yt-inspected-1_19=\"true\" data-mce-fragment=\"1\"><\/iframe><\/p>\n","protected":false},"excerpt":{"rendered":"<p>Permite que as pessoas subam gradualmente para a posi\u00e7\u00e3o sentada sem a ajuda de terceiros, sendo ideal para usu\u00e1rios que se recuperam de cirurgias, portadores fraqueza nos membros inferiores, amplitude limitada de movimentos, gestantes e parapl\u00e9gicos.<\/p>\n<p>F\u00e1cil Instala\u00e7\u00e3o.<\/p>\n<p>Empunhadura ergon\u00f4mica<\/p>\n<p>Veja mais informa\u00e7\u00f5es sobre o produto abaixo<\/p>\n","protected":false},"featured_media":393,"comment_status":"open","ping_status":"closed","template":"","meta":{"site-sidebar-layout":"default","site-content-layout":"default","ast-site-content-layout":"","site-content-style":"default","site-sidebar-style":"default","ast-global-header-display":"","ast-banner-title-visibility":"","ast-main-header-display":"","ast-hfb-above-header-display":"","ast-hfb-below-header-display":"","ast-hfb-mobile-header-display":"","site-post-title":"","ast-breadcrumbs-content":"","ast-featured-img":"","footer-sml-layout":"","theme-transparent-header-meta":"","adv-header-id-meta":"","stick-header-meta":"","header-above-stick-meta":"","header-main-stick-meta":"","header-below-stick-meta":"","astra-migrate-meta-layouts":"default","ast-page-background-enabled":"default","ast-page-background-meta":{"desktop":{"background-color":"var(--ast-global-color-4)","background-image":"","background-repeat":"repeat","background-position":"center center","background-size":"auto","background-attachment":"scroll","background-type":"","background-media":"","overlay-type":"","overlay-color":"","overlay-gradient":""},"tablet":{"background-color":"","background-image":"","background-repeat":"repeat","background-position":"center center","background-size":"auto","background-attachment":"scroll","background-type":"","background-media":"","overlay-type":"","overlay-color":"","overlay-gradient":""},"mobile":{"background-color":"","background-image":"","background-repeat":"repeat","background-position":"center center","background-size":"auto","background-attachment":"scroll","background-type":"","background-media":"","overlay-type":"","overlay-color":"","overlay-gradient":""}},"ast-content-background-meta":{"desktop":{"background-color":"var(--ast-global-color-5)","background-image":"","background-repeat":"repeat","background-position":"center center","background-size":"auto","background-attachment":"scroll","background-type":"","background-media":"","overlay-type":"","overlay-color":"","overlay-gradient":""},"tablet":{"background-color":"var(--ast-global-color-5)","background-image":"","background-repeat":"repeat","background-position":"center center","background-size":"auto","background-attachment":"scroll","background-type":"","background-media":"","overlay-type":"","overlay-color":"","overlay-gradient":""},"mobile":{"background-color":"var(--ast-global-color-5)","background-image":"","background-repeat":"repeat","background-position":"center center","background-size":"auto","background-attachment":"scroll","background-type":"","background-media":"","overlay-type":"","overlay-color":"","overlay-gradient":""}}},"product_brand":[],"product_cat":[17],"product_tag":[],"class_list":{"0":"post-392","1":"product","2":"type-product","3":"status-publish","4":"has-post-thumbnail","6":"product_cat-pos-operatorio","7":"desktop-align-left","8":"tablet-align-left","9":"mobile-align-left","11":"first","12":"instock","13":"shipping-taxable","14":"purchasable","15":"product-type-simple"},"_links":{"self":[{"href":"https:\/\/saudenacapital.com.br\/loja\/wp-json\/wp\/v2\/product\/392","targetHints":{"allow":["GET"]}}],"collection":[{"href":"https:\/\/saudenacapital.com.br\/loja\/wp-json\/wp\/v2\/product"}],"about":[{"href":"https:\/\/saudenacapital.com.br\/loja\/wp-json\/wp\/v2\/types\/product"}],"replies":[{"embeddable":true,"href":"https:\/\/saudenacapital.com.br\/loja\/wp-json\/wp\/v2\/comments?post=392"}],"wp:featuredmedia":[{"embeddable":true,"href":"https:\/\/saudenacapital.com.br\/loja\/wp-json\/wp\/v2\/media\/393"}],"wp:attachment":[{"href":"https:\/\/saudenacapital.com.br\/loja\/wp-json\/wp\/v2\/media?parent=392"}],"wp:term":[{"taxonomy":"product_brand","embeddable":true,"href":"https:\/\/saudenacapital.com.br\/loja\/wp-json\/wp\/v2\/product_brand?post=392"},{"taxonomy":"product_cat","embeddable":true,"href":"https:\/\/saudenacapital.com.br\/loja\/wp-json\/wp\/v2\/product_cat?post=392"},{"taxonomy":"product_tag","embeddable":true,"href":"https:\/\/saudenacapital.com.br\/loja\/wp-json\/wp\/v2\/product_tag?post=392"}],"curies":[{"name":"wp","href":"https:\/\/api.w.org\/{rel}","templated":true}]}}