{"id":46,"date":"2022-01-07T17:42:40","date_gmt":"2022-01-07T20:42:40","guid":{"rendered":"https:\/\/saudenacapital.com.br\/loja\/?post_type=product&#038;p=46"},"modified":"2022-03-14T17:39:58","modified_gmt":"2022-03-14T20:39:58","slug":"cinto-de-seguranca-toracico","status":"publish","type":"product","link":"https:\/\/saudenacapital.com.br\/loja\/produto\/cinto-de-seguranca-toracico\/","title":{"rendered":"Cinto de seguran\u00e7a Tor\u00e1cico"},"content":{"rendered":"<h2 class=\"product-title product_title entry-title\"><strong>Cinto de seguran\u00e7a Tor\u00e1cico<\/strong><\/h2>\n<p>&nbsp;<\/p>\n<p><img fetchpriority=\"high\" decoding=\"async\" class=\"\" src=\"https:\/\/longevitech.com.br\/wp-content\/uploads\/2021\/01\/cinto-torax-1-510x486.jpg\" width=\"446\" height=\"425\" \/><img decoding=\"async\" class=\"\" src=\"https:\/\/longevitech.com.br\/wp-content\/uploads\/2021\/01\/cinto-toraxico.png\" width=\"425\" height=\"425\" \/><\/p>\n<p>&nbsp;<\/p>\n<p>O cinto de seguran\u00e7a tor\u00e1cico Longevitech traz mais seguran\u00e7a e estabilidade no momento do uso da cadeira de rodas, impedindo que o tronco do paciente se incline tanto para frente, quanto para os lados.<\/p>\n<p>F\u00e1cil de prender com duas fivelas de engate em cada lado, o peitoral do cinto \u00e9 acolchoado para maior conforto. Suas al\u00e7as ajust\u00e1veis chegam ao comprimento m\u00e1ximo de 182 cent\u00edmetros.<\/p>\n<p>Ideal para tetrapl\u00e9gicos, portadores de Parkinson e Alzheimer e com sequelas de AVC.<\/p>\n<p>Tamb\u00e9m pode ser usado em poltronas e cadeiras<\/p>\n<p>&nbsp;<\/p>\n<p><iframe id=\"138228162\" title=\"Cinto de seguran\u00e7a para t\u00f3rax\" src=\"https:\/\/www.youtube.com\/embed\/4Kx3eYxvmgY?feature=oembed&amp;enablejsapi=1&amp;origin=https:\/\/longevitech.com.br\" width=\"1020\" height=\"574\" frameborder=\"0\" allowfullscreen=\"allowfullscreen\" data-gtm-yt-inspected-1_19=\"true\" data-mce-fragment=\"1\"><\/iframe><\/p>\n","protected":false},"excerpt":{"rendered":"<p>O cinto de seguran\u00e7a tor\u00e1cico Longevitech traz mais seguran\u00e7a e estabilidade no momento do uso da cadeira de rodas, impedindo que o tronco do paciente se incline tanto para frente, quanto para os lados.<\/p>\n<p>F\u00e1cil de prender com duas fivelas de engate em cada lado, o peitoral do cinto \u00e9 acolchoado para maior conforto. Suas al\u00e7as ajust\u00e1veis chegam ao comprimento m\u00e1ximo de 182 cent\u00edmetros.<\/p>\n<p>Ideal para tetrapl\u00e9gicos, portadores de Parkinson e Alzheimer e com sequelas de AVC.<\/p>\n<p>Tamb\u00e9m pode ser usado em poltronas e cadeiras<\/p>\n","protected":false},"featured_media":408,"comment_status":"open","ping_status":"closed","template":"","meta":{"site-sidebar-layout":"default","site-content-layout":"default","ast-site-content-layout":"","site-content-style":"default","site-sidebar-style":"default","ast-global-header-display":"","ast-banner-title-visibility":"","ast-main-header-display":"","ast-hfb-above-header-display":"","ast-hfb-below-header-display":"","ast-hfb-mobile-header-display":"","site-post-title":"","ast-breadcrumbs-content":"","ast-featured-img":"","footer-sml-layout":"","theme-transparent-header-meta":"","adv-header-id-meta":"","stick-header-meta":"","header-above-stick-meta":"","header-main-stick-meta":"","header-below-stick-meta":"","astra-migrate-meta-layouts":"default","ast-page-background-enabled":"default","ast-page-background-meta":{"desktop":{"background-color":"var(--ast-global-color-4)","background-image":"","background-repeat":"repeat","background-position":"center center","background-size":"auto","background-attachment":"scroll","background-type":"","background-media":"","overlay-type":"","overlay-color":"","overlay-gradient":""},"tablet":{"background-color":"","background-image":"","background-repeat":"repeat","background-position":"center center","background-size":"auto","background-attachment":"scroll","background-type":"","background-media":"","overlay-type":"","overlay-color":"","overlay-gradient":""},"mobile":{"background-color":"","background-image":"","background-repeat":"repeat","background-position":"center center","background-size":"auto","background-attachment":"scroll","background-type":"","background-media":"","overlay-type":"","overlay-color":"","overlay-gradient":""}},"ast-content-background-meta":{"desktop":{"background-color":"var(--ast-global-color-5)","background-image":"","background-repeat":"repeat","background-position":"center center","background-size":"auto","background-attachment":"scroll","background-type":"","background-media":"","overlay-type":"","overlay-color":"","overlay-gradient":""},"tablet":{"background-color":"var(--ast-global-color-5)","background-image":"","background-repeat":"repeat","background-position":"center center","background-size":"auto","background-attachment":"scroll","background-type":"","background-media":"","overlay-type":"","overlay-color":"","overlay-gradient":""},"mobile":{"background-color":"var(--ast-global-color-5)","background-image":"","background-repeat":"repeat","background-position":"center center","background-size":"auto","background-attachment":"scroll","background-type":"","background-media":"","overlay-type":"","overlay-color":"","overlay-gradient":""}}},"product_brand":[],"product_cat":[17],"product_tag":[],"class_list":{"0":"post-46","1":"product","2":"type-product","3":"status-publish","4":"has-post-thumbnail","6":"product_cat-pos-operatorio","7":"desktop-align-left","8":"tablet-align-left","9":"mobile-align-left","11":"first","12":"instock","13":"shipping-taxable","14":"purchasable","15":"product-type-simple"},"_links":{"self":[{"href":"https:\/\/saudenacapital.com.br\/loja\/wp-json\/wp\/v2\/product\/46","targetHints":{"allow":["GET"]}}],"collection":[{"href":"https:\/\/saudenacapital.com.br\/loja\/wp-json\/wp\/v2\/product"}],"about":[{"href":"https:\/\/saudenacapital.com.br\/loja\/wp-json\/wp\/v2\/types\/product"}],"replies":[{"embeddable":true,"href":"https:\/\/saudenacapital.com.br\/loja\/wp-json\/wp\/v2\/comments?post=46"}],"wp:featuredmedia":[{"embeddable":true,"href":"https:\/\/saudenacapital.com.br\/loja\/wp-json\/wp\/v2\/media\/408"}],"wp:attachment":[{"href":"https:\/\/saudenacapital.com.br\/loja\/wp-json\/wp\/v2\/media?parent=46"}],"wp:term":[{"taxonomy":"product_brand","embeddable":true,"href":"https:\/\/saudenacapital.com.br\/loja\/wp-json\/wp\/v2\/product_brand?post=46"},{"taxonomy":"product_cat","embeddable":true,"href":"https:\/\/saudenacapital.com.br\/loja\/wp-json\/wp\/v2\/product_cat?post=46"},{"taxonomy":"product_tag","embeddable":true,"href":"https:\/\/saudenacapital.com.br\/loja\/wp-json\/wp\/v2\/product_tag?post=46"}],"curies":[{"name":"wp","href":"https:\/\/api.w.org\/{rel}","templated":true}]}}