{"id":556,"date":"2022-08-25T15:45:30","date_gmt":"2022-08-25T18:45:30","guid":{"rendered":"https:\/\/saudenacapital.com.br\/loja\/?post_type=product&#038;p=556"},"modified":"2023-03-01T12:56:08","modified_gmt":"2023-03-01T15:56:08","slug":"termometro-digital-infravermelho-g-tech-go","status":"publish","type":"product","link":"https:\/\/saudenacapital.com.br\/loja\/produto\/termometro-digital-infravermelho-g-tech-go\/","title":{"rendered":"Term\u00f4metro Digital Infravermelho G-Tech GO"},"content":{"rendered":"<h1 class=\"product-name\">Term\u00f4metro Digital Infravermelho de Testa G-Tech GO!<\/h1>\n<p>O Term\u00f4metro Digital Infravermelho G-TECH GO! \u00e9 ULTRA-PORT\u00c1TIL, com apenas 4,8cm e 22g!<\/p>\n<p>Possui tecnologia de medi\u00e7\u00e3o autom\u00e1tica ao fazer\u00a0<em><strong>contato com a pele da testa<\/strong><\/em>, tornando o ato pr\u00e1tico e muito mais r\u00e1pido.<br \/>\nPara facilitar ainda mais o uso, as luzes indicadoras de estado de temperatura e alarme de estado febril, ajudam na r\u00e1pida identifica\u00e7\u00e3o dos resultados e a mem\u00f3ria para 20 medi\u00e7\u00f5es, permite um acompanhamento de longo prazo.<\/p>\n<p><img fetchpriority=\"high\" decoding=\"async\" class=\"\" src=\"https:\/\/images.tcdn.com.br\/img\/img_prod\/746795\/termometro_digital_infravermelho_de_testa_gtech_go_3276_3_75e1d16bcc88eab65f8929d93c2dc502.jpg\" width=\"497\" height=\"497\" \/><img decoding=\"async\" class=\"\" src=\"https:\/\/images.tcdn.com.br\/img\/img_prod\/746795\/termometro_digital_infravermelho_de_testa_gtech_go_3276_2_ad4ae515e91e42dd985605ddcc269e04.jpg\" width=\"465\" height=\"465\" \/><\/p>\n<p><img decoding=\"async\" class=\"\" src=\"https:\/\/images.tcdn.com.br\/img\/img_prod\/746795\/termometro_digital_infravermelho_de_testa_gtech_go_3276_1_ff33ddf4735428af02110ba74cffc231.jpg\" width=\"442\" height=\"442\" \/><\/p>\n<p><strong>Term\u00f4metro Digital Infravermelho de Testa Gtech GO!<\/strong><\/p>\n<p>&nbsp;<\/p>\n<p><strong><em>Infravermelho com contato<\/em><\/strong><\/p>\n<p>&#8211; Ultra-compacto<br \/>\n&#8211; Medi\u00e7\u00e3o instant\u00e2nea<br \/>\n&#8211; 20 mem\u00f3rias<br \/>\n&#8211; Luz indicadora de estado febril<br \/>\n&#8211; 01 Ano de Garantia<\/p>\n<p>Possui 3 tipos de cor de luz de LED<\/p>\n<p>&#8211; &lt; 35,5\u00b0C: Azul<br \/>\n&#8211; 35,5\u00b0C &#8211; 37,5\u00b0C: Verde<br \/>\n&#8211; &gt; 37,5\u00b0C: Vermelho<\/p>\n<p>Conte\u00fado da embalagem:<\/p>\n<p>&#8211; 01 Term\u00f4metro Digital Infravermelho G-Tech Go<br \/>\n&#8211; 01Manual de instru\u00e7\u00f5es<br \/>\n&#8211; 01 Mini chave de fenda<br \/>\n&#8211; 01 Bateria 3V tipo CR2032<\/p>\n","protected":false},"excerpt":{"rendered":"<p>Term\u00f4metro Digital Infravermelho de Testa G-Tech GO! O Term\u00f4metro Digital Infravermelho G-TECH GO! \u00e9 ULTRA-PORT\u00c1TIL, com apenas 4,8cm e 22g! Possui tecnologia de medi\u00e7\u00e3o autom\u00e1tica ao fazer\u00a0contato com a pele da testa, tornando o ato pr\u00e1tico e muito mais r\u00e1pido. Para facilitar ainda mais o uso, as luzes indicadoras de estado de temperatura e alarme [&hellip;]<\/p>\n","protected":false},"featured_media":557,"comment_status":"open","ping_status":"closed","template":"","meta":{"site-sidebar-layout":"default","site-content-layout":"default","ast-site-content-layout":"","site-content-style":"default","site-sidebar-style":"default","ast-global-header-display":"","ast-banner-title-visibility":"","ast-main-header-display":"","ast-hfb-above-header-display":"","ast-hfb-below-header-display":"","ast-hfb-mobile-header-display":"","site-post-title":"","ast-breadcrumbs-content":"","ast-featured-img":"","footer-sml-layout":"","theme-transparent-header-meta":"default","adv-header-id-meta":"","stick-header-meta":"","header-above-stick-meta":"","header-main-stick-meta":"","header-below-stick-meta":"","astra-migrate-meta-layouts":"default","ast-page-background-enabled":"default","ast-page-background-meta":{"desktop":{"background-color":"var(--ast-global-color-4)","background-image":"","background-repeat":"repeat","background-position":"center center","background-size":"auto","background-attachment":"scroll","background-type":"","background-media":"","overlay-type":"","overlay-color":"","overlay-gradient":""},"tablet":{"background-color":"","background-image":"","background-repeat":"repeat","background-position":"center center","background-size":"auto","background-attachment":"scroll","background-type":"","background-media":"","overlay-type":"","overlay-color":"","overlay-gradient":""},"mobile":{"background-color":"","background-image":"","background-repeat":"repeat","background-position":"center center","background-size":"auto","background-attachment":"scroll","background-type":"","background-media":"","overlay-type":"","overlay-color":"","overlay-gradient":""}},"ast-content-background-meta":{"desktop":{"background-color":"var(--ast-global-color-5)","background-image":"","background-repeat":"repeat","background-position":"center center","background-size":"auto","background-attachment":"scroll","background-type":"","background-media":"","overlay-type":"","overlay-color":"","overlay-gradient":""},"tablet":{"background-color":"var(--ast-global-color-5)","background-image":"","background-repeat":"repeat","background-position":"center center","background-size":"auto","background-attachment":"scroll","background-type":"","background-media":"","overlay-type":"","overlay-color":"","overlay-gradient":""},"mobile":{"background-color":"var(--ast-global-color-5)","background-image":"","background-repeat":"repeat","background-position":"center center","background-size":"auto","background-attachment":"scroll","background-type":"","background-media":"","overlay-type":"","overlay-color":"","overlay-gradient":""}}},"product_brand":[],"product_cat":[25,21],"product_tag":[45],"class_list":{"0":"post-556","1":"product","2":"type-product","3":"status-publish","4":"has-post-thumbnail","6":"product_cat-eletronicos","7":"product_cat-saude-e-bem-estar","8":"product_tag-gtech","9":"desktop-align-left","10":"tablet-align-left","11":"mobile-align-left","13":"first","14":"outofstock","15":"shipping-taxable","16":"purchasable","17":"product-type-simple"},"_links":{"self":[{"href":"https:\/\/saudenacapital.com.br\/loja\/wp-json\/wp\/v2\/product\/556","targetHints":{"allow":["GET"]}}],"collection":[{"href":"https:\/\/saudenacapital.com.br\/loja\/wp-json\/wp\/v2\/product"}],"about":[{"href":"https:\/\/saudenacapital.com.br\/loja\/wp-json\/wp\/v2\/types\/product"}],"replies":[{"embeddable":true,"href":"https:\/\/saudenacapital.com.br\/loja\/wp-json\/wp\/v2\/comments?post=556"}],"wp:featuredmedia":[{"embeddable":true,"href":"https:\/\/saudenacapital.com.br\/loja\/wp-json\/wp\/v2\/media\/557"}],"wp:attachment":[{"href":"https:\/\/saudenacapital.com.br\/loja\/wp-json\/wp\/v2\/media?parent=556"}],"wp:term":[{"taxonomy":"product_brand","embeddable":true,"href":"https:\/\/saudenacapital.com.br\/loja\/wp-json\/wp\/v2\/product_brand?post=556"},{"taxonomy":"product_cat","embeddable":true,"href":"https:\/\/saudenacapital.com.br\/loja\/wp-json\/wp\/v2\/product_cat?post=556"},{"taxonomy":"product_tag","embeddable":true,"href":"https:\/\/saudenacapital.com.br\/loja\/wp-json\/wp\/v2\/product_tag?post=556"}],"curies":[{"name":"wp","href":"https:\/\/api.w.org\/{rel}","templated":true}]}}